{"id":25,"date":"2022-03-14T11:34:15","date_gmt":"2022-03-14T11:34:15","guid":{"rendered":"https:\/\/themepanthers.com\/wp\/monst\/v1\/?page_id=25"},"modified":"2025-01-04T15:23:20","modified_gmt":"2025-01-04T12:23:20","slug":"landing-page-3","status":"publish","type":"page","link":"https:\/\/yesilyazilim.com.tr\/","title":{"rendered":"AnaSayfa"},"content":{"rendered":"\t\t<div data-elementor-type=\"wp-page\" data-elementor-id=\"25\" class=\"elementor elementor-25\">\n\t\t\t\t\t\t<section class=\"elementor-section elementor-top-section elementor-element elementor-element-f7c05c3 elementor-section-boxed elementor-section-height-default elementor-section-height-default\" data-id=\"f7c05c3\" data-element_type=\"section\" data-settings=\"{&quot;background_background&quot;:&quot;classic&quot;}\">\n\t\t\t\t\t\t<div class=\"elementor-container elementor-column-gap-default\">\n\t\t\t\t\t<div class=\"elementor-column elementor-col-100 elementor-top-column elementor-element elementor-element-8ae468f\" data-id=\"8ae468f\" data-element_type=\"column\">\n\t\t\t<div class=\"elementor-widget-wrap elementor-element-populated\">\n\t\t\t\t\t\t<div class=\"elementor-element elementor-element-0c92b53 elementor-widget elementor-widget-monst-title-v1\" data-id=\"0c92b53\" data-element_type=\"widget\" data-widget_type=\"monst-title-v1.default\">\n\t\t\t\t<div class=\"elementor-widget-container\">\n\t\t\t\t\t \r\n <div class=\"section_title type_one\">\r\n <div class=\"title_whole\">\r\n \r\n <div class=\"title\"> <span>\u0130nsana<\/span> Ba\u011fl\u0131 <br><span>Teknoloji<\/span> Odakl\u0131 <\/div>\r\n \r\n\r\n <\/div>\r\n <p> <b>Kurumsal Yaz\u0131l\u0131m \u00c7\u00f6z\u00fcmleri<\/b><\/p>\r\n <\/div> \r\n\r\n\r\n \t\t\t\t<\/div>\n\t\t\t\t<\/div>\n\t\t\t\t\t<\/div>\n\t\t<\/div>\n\t\t\t\t\t<\/div>\n\t\t<\/section>\n\t\t<div class=\"elementor-element elementor-element-0ea4850 e-flex e-con-boxed e-con e-parent\" data-id=\"0ea4850\" data-element_type=\"container\">\n\t\t\t\t\t<div class=\"e-con-inner\">\n\t\t\t\t<div class=\"elementor-element elementor-element-1e4225f elementor-widget elementor-widget-heading\" data-id=\"1e4225f\" data-element_type=\"widget\" data-widget_type=\"heading.default\">\n\t\t\t\t<div class=\"elementor-widget-container\">\n\t\t\t\t\t<h5 class=\"elementor-heading-title elementor-size-default\"><a href=\"https:\/\/yesilyazilim.com.tr\/index.php\/hizmetler\/\">Hizmetlerimiz<\/a><\/h5>\t\t\t\t<\/div>\n\t\t\t\t<\/div>\n\t\t\t\t\t<\/div>\n\t\t\t\t<\/div>\n\t\t\t\t<section class=\"elementor-section elementor-top-section elementor-element elementor-element-d8d16d7 elementor-section-boxed elementor-section-height-default elementor-section-height-default\" data-id=\"d8d16d7\" data-element_type=\"section\" data-settings=\"{&quot;shape_divider_bottom&quot;:&quot;curve&quot;,&quot;shape_divider_bottom_negative&quot;:&quot;yes&quot;}\">\n\t\t\t\t\t<div class=\"elementor-shape elementor-shape-bottom\" data-negative=\"true\">\n\t\t\t<svg xmlns=\"http:\/\/www.w3.org\/2000\/svg\" viewBox=\"0 0 1000 100\" preserveAspectRatio=\"none\">\n\t<path class=\"elementor-shape-fill\" d=\"M500,97C126.7,96.3,0.8,19.8,0,0v100l1000,0V1C1000,19.4,873.3,97.8,500,97z\"\/>\n<\/svg>\t\t<\/div>\n\t\t\t\t\t<div class=\"elementor-container elementor-column-gap-no\">\n\t\t\t\t\t<div class=\"elementor-column elementor-col-100 elementor-top-column elementor-element elementor-element-1e96979\" data-id=\"1e96979\" data-element_type=\"column\">\n\t\t\t<div class=\"elementor-widget-wrap elementor-element-populated\">\n\t\t\t\t\t\t<div class=\"elementor-element elementor-element-8a55a43 elementor-widget elementor-widget-monst-service-post-v1\" data-id=\"8a55a43\" data-element_type=\"widget\" data-widget_type=\"monst-service-post-v1.default\">\n\t\t\t\t<div class=\"elementor-widget-container\">\n\t\t\t\t\t<section class=\"service_post position-relative\">\r\n <div\r\n class=\"row loop-grid\">\r\n \r\n\r\n <article class=\"col-xl-4 col-lg-4 col-md-6 col-sm-6 post-1392 service type-service status-publish has-post-thumbnail hentry\">\r\n <div class=\"card_post_service one clearfix has_images\"\r\n id=\"post-1392\">\r\n <div class=\"content_box\">\r\n <h2 class=\"title\"><a href=\"https:\/\/yesilyazilim.com.tr\/index.php\/service\/srv-gis\/\" rel=\"bookmark\">Kurumsal Co\u011frafi Bilgi Sistemleri<\/a><\/h2> <p>Kurumsal \u00f6l\u00e7ekte Co\u011frafi Bilgi Sistemi kurulum, geli\u015ftirme ve bak\u0131m hizmeti veriyoruz.<\/p>\r\n <div class=\"icon_box\"> \r\n <img decoding=\"async\" src=\"https:\/\/themepanthers.com\/wp\/monst\/v1\/wp-content\/uploads\/2022\/03\/002-app.png\" class=\"img-fluid\" alt=\"icon\"> \r\n <\/div>\r\n \r\n \r\n <\/div>\r\n\r\n <a href=\"https:\/\/yesilyazilim.com.tr\/index.php\/service\/srv-gis\/\">\r\n <figure class=\"image\">\r\n <img fetchpriority=\"high\" decoding=\"async\" width=\"1024\" height=\"1024\" src=\"https:\/\/yesilyazilim.com.tr\/wp-content\/uploads\/2023\/12\/e2e0fb42-5294-4ab2-bc16-9ff81d8a2936.jpeg\" class=\"attachment-post-thumbnail size-post-thumbnail wp-post-image\" alt=\"\" srcset=\"https:\/\/yesilyazilim.com.tr\/wp-content\/uploads\/2023\/12\/e2e0fb42-5294-4ab2-bc16-9ff81d8a2936.jpeg 1024w, https:\/\/yesilyazilim.com.tr\/wp-content\/uploads\/2023\/12\/e2e0fb42-5294-4ab2-bc16-9ff81d8a2936-300x300.jpeg 300w, https:\/\/yesilyazilim.com.tr\/wp-content\/uploads\/2023\/12\/e2e0fb42-5294-4ab2-bc16-9ff81d8a2936-150x150.jpeg 150w, https:\/\/yesilyazilim.com.tr\/wp-content\/uploads\/2023\/12\/e2e0fb42-5294-4ab2-bc16-9ff81d8a2936-768x768.jpeg 768w\" sizes=\"(max-width: 1024px) 100vw, 1024px\" \/> <\/figure>\r\n <\/a>\r\n \r\n <\/div>\r\n <\/article>\r\n\r\n\r\n \r\n\r\n \r\n\r\n <article class=\"col-xl-4 col-lg-4 col-md-6 col-sm-6 post-1390 service type-service status-publish has-post-thumbnail hentry\">\r\n <div class=\"card_post_service one clearfix has_images\"\r\n id=\"post-1390\">\r\n <div class=\"content_box\">\r\n <h2 class=\"title\"><a href=\"https:\/\/yesilyazilim.com.tr\/index.php\/service\/srv-mobile\/\" rel=\"bookmark\">Mobil Uygulama Geli\u015ftirme<\/a><\/h2> <p>Sahada verimlili\u011fi hedefleyen Online ve Offline mobil uygulamalar\u0131 geli\u015ftiriyoruz.<\/p>\r\n <div class=\"icon_box\"> \r\n <img decoding=\"async\" src=\"https:\/\/themepanthers.com\/wp\/monst\/v1\/wp-content\/uploads\/2022\/03\/003-consultant.png\" class=\"img-fluid\" alt=\"icon\"> \r\n <\/div>\r\n \r\n \r\n <\/div>\r\n\r\n <a href=\"https:\/\/yesilyazilim.com.tr\/index.php\/service\/srv-mobile\/\">\r\n <figure class=\"image\">\r\n <img decoding=\"async\" width=\"576\" height=\"384\" src=\"https:\/\/yesilyazilim.com.tr\/wp-content\/uploads\/2024\/08\/mobile1.jpg\" class=\"attachment-post-thumbnail size-post-thumbnail wp-post-image\" alt=\"\" srcset=\"https:\/\/yesilyazilim.com.tr\/wp-content\/uploads\/2024\/08\/mobile1.jpg 576w, https:\/\/yesilyazilim.com.tr\/wp-content\/uploads\/2024\/08\/mobile1-300x200.jpg 300w\" sizes=\"(max-width: 576px) 100vw, 576px\" \/> <\/figure>\r\n <\/a>\r\n \r\n <\/div>\r\n <\/article>\r\n\r\n\r\n \r\n\r\n \r\n\r\n <article class=\"col-xl-4 col-lg-4 col-md-6 col-sm-6 post-1394 service type-service status-publish has-post-thumbnail hentry\">\r\n <div class=\"card_post_service one clearfix has_images\"\r\n id=\"post-1394\">\r\n <div class=\"content_box\">\r\n <h2 class=\"title\"><a href=\"https:\/\/yesilyazilim.com.tr\/index.php\/service\/srv-data\/\" rel=\"bookmark\">Veri Analizi &#038; \u0130yile\u015ftirme<\/a><\/h2> <p>\u0130li\u015fkisel verilerinizde mevcut hatalar\u0131n tespiti ve iyile\u015ftirilmesi i\u00e7in destek oluyoruz.<\/p>\r\n <div class=\"icon_box\"> \r\n <img decoding=\"async\" src=\"https:\/\/themepanthers.com\/wp\/monst\/v1\/wp-content\/uploads\/2022\/03\/research.png\" class=\"img-fluid\" alt=\"icon\"> \r\n <\/div>\r\n \r\n \r\n <\/div>\r\n\r\n <a href=\"https:\/\/yesilyazilim.com.tr\/index.php\/service\/srv-data\/\">\r\n <figure class=\"image\">\r\n <img decoding=\"async\" width=\"614\" height=\"407\" src=\"https:\/\/yesilyazilim.com.tr\/wp-content\/uploads\/2024\/08\/data1.jpg\" class=\"attachment-post-thumbnail size-post-thumbnail wp-post-image\" alt=\"\" srcset=\"https:\/\/yesilyazilim.com.tr\/wp-content\/uploads\/2024\/08\/data1.jpg 614w, https:\/\/yesilyazilim.com.tr\/wp-content\/uploads\/2024\/08\/data1-300x199.jpg 300w\" sizes=\"(max-width: 614px) 100vw, 614px\" \/> <\/figure>\r\n <\/a>\r\n \r\n <\/div>\r\n <\/article>\r\n\r\n\r\n \r\n\r\n \r\n\r\n <article class=\"col-xl-4 col-lg-4 col-md-6 col-sm-6 post-1373 service type-service status-publish has-post-thumbnail hentry\">\r\n <div class=\"card_post_service one clearfix has_images\"\r\n id=\"post-1373\">\r\n <div class=\"content_box\">\r\n <h2 class=\"title\"><a href=\"https:\/\/yesilyazilim.com.tr\/index.php\/service\/srv-sync\/\" rel=\"bookmark\">Veri Senkronizasyon Yaz\u0131l\u0131mlar\u0131<\/a><\/h2> <p>Farkl\u0131 kaynak ve bi\u00e7imlerde bulunan verilerinizin, periyodik yada anl\u0131k e\u015flenmesini sa\u011flayan \u00e7\u00f6z\u00fcmler geli\u015ftiriyoruz.<\/p>\r\n <div class=\"icon_box\"> \r\n <img decoding=\"async\" src=\"https:\/\/themepanthers.com\/wp\/monst\/v1\/wp-content\/uploads\/2022\/03\/001-web-site.png\" class=\"img-fluid\" alt=\"icon\"> \r\n <\/div>\r\n \r\n \r\n <\/div>\r\n\r\n <a href=\"https:\/\/yesilyazilim.com.tr\/index.php\/service\/srv-sync\/\">\r\n <figure class=\"image\">\r\n <img loading=\"lazy\" decoding=\"async\" width=\"900\" height=\"700\" src=\"https:\/\/yesilyazilim.com.tr\/wp-content\/uploads\/2022\/03\/service-1-1.webp\" class=\"attachment-post-thumbnail size-post-thumbnail wp-post-image\" alt=\"\" srcset=\"https:\/\/yesilyazilim.com.tr\/wp-content\/uploads\/2022\/03\/service-1-1.webp 900w, https:\/\/yesilyazilim.com.tr\/wp-content\/uploads\/2022\/03\/service-1-1-300x233.webp 300w, https:\/\/yesilyazilim.com.tr\/wp-content\/uploads\/2022\/03\/service-1-1-768x597.webp 768w\" sizes=\"(max-width: 900px) 100vw, 900px\" \/> <\/figure>\r\n <\/a>\r\n \r\n <\/div>\r\n <\/article>\r\n\r\n\r\n \r\n\r\n \r\n\r\n <article class=\"col-xl-4 col-lg-4 col-md-6 col-sm-6 post-1393 service type-service status-publish has-post-thumbnail hentry\">\r\n <div class=\"card_post_service one clearfix has_images\"\r\n id=\"post-1393\">\r\n <div class=\"content_box\">\r\n <h2 class=\"title\"><a href=\"https:\/\/yesilyazilim.com.tr\/index.php\/service\/srv-webdev\/\" rel=\"bookmark\">Web Uygulama Geli\u015ftirme<\/a><\/h2> <p>\u0130\u015finize \u00f6zel web yaz\u0131l\u0131mlar\u0131n\u0131, g\u00fcncel teknolojiler ve tasar\u0131mlar kullanarak geli\u015ftiriyoruz.<\/p>\r\n <div class=\"icon_box\"> \r\n <img decoding=\"async\" src=\"https:\/\/themepanthers.com\/wp\/monst\/v1\/wp-content\/uploads\/2022\/03\/001-social-media.png\" class=\"img-fluid\" alt=\"icon\"> \r\n <\/div>\r\n \r\n \r\n <\/div>\r\n\r\n <a href=\"https:\/\/yesilyazilim.com.tr\/index.php\/service\/srv-webdev\/\">\r\n <figure class=\"image\">\r\n <img loading=\"lazy\" decoding=\"async\" width=\"1455\" height=\"723\" src=\"https:\/\/yesilyazilim.com.tr\/wp-content\/uploads\/2024\/08\/prj_endata1.png\" class=\"attachment-post-thumbnail size-post-thumbnail wp-post-image\" alt=\"\" srcset=\"https:\/\/yesilyazilim.com.tr\/wp-content\/uploads\/2024\/08\/prj_endata1.png 1455w, https:\/\/yesilyazilim.com.tr\/wp-content\/uploads\/2024\/08\/prj_endata1-300x149.png 300w, https:\/\/yesilyazilim.com.tr\/wp-content\/uploads\/2024\/08\/prj_endata1-1024x509.png 1024w, https:\/\/yesilyazilim.com.tr\/wp-content\/uploads\/2024\/08\/prj_endata1-768x382.png 768w\" sizes=\"(max-width: 1455px) 100vw, 1455px\" \/> <\/figure>\r\n <\/a>\r\n \r\n <\/div>\r\n <\/article>\r\n\r\n\r\n \r\n\r\n \r\n\r\n <article class=\"col-xl-4 col-lg-4 col-md-6 col-sm-6 post-1391 service type-service status-publish has-post-thumbnail hentry\">\r\n <div class=\"card_post_service one clearfix has_images\"\r\n id=\"post-1391\">\r\n <div class=\"content_box\">\r\n <h2 class=\"title\"><a href=\"https:\/\/yesilyazilim.com.tr\/index.php\/service\/srv-solutioneng\/\" rel=\"bookmark\">Yaz\u0131l\u0131m \u00c7\u00f6z\u00fcm Dan\u0131\u015fmanl\u0131\u011f\u0131<\/a><\/h2> <p>\u0130htiyac\u0131n\u0131z olan \u00e7\u00f6z\u00fcmleri en verimli \u015fekilde kullanman\u0131z i\u00e7in destek oluyoruz.<\/p>\r\n <div class=\"icon_box\"> \r\n <img decoding=\"async\" src=\"https:\/\/themepanthers.com\/wp\/monst\/v1\/wp-content\/uploads\/2022\/03\/003-branding.png\" class=\"img-fluid\" alt=\"icon\"> \r\n <\/div>\r\n \r\n \r\n <\/div>\r\n\r\n <a href=\"https:\/\/yesilyazilim.com.tr\/index.php\/service\/srv-solutioneng\/\">\r\n <figure class=\"image\">\r\n <img loading=\"lazy\" decoding=\"async\" width=\"503\" height=\"377\" src=\"https:\/\/yesilyazilim.com.tr\/wp-content\/uploads\/2024\/08\/soft1.jpg\" class=\"attachment-post-thumbnail size-post-thumbnail wp-post-image\" alt=\"\" srcset=\"https:\/\/yesilyazilim.com.tr\/wp-content\/uploads\/2024\/08\/soft1.jpg 503w, https:\/\/yesilyazilim.com.tr\/wp-content\/uploads\/2024\/08\/soft1-300x225.jpg 300w\" sizes=\"(max-width: 503px) 100vw, 503px\" \/> <\/figure>\r\n <\/a>\r\n \r\n <\/div>\r\n <\/article>\r\n\r\n\r\n \r\n\r\n <\/div>\r\n \r\n <\/section>\r\n\r\n\t\t\t\t<\/div>\n\t\t\t\t<\/div>\n\t\t\t\t<div class=\"elementor-element elementor-element-43ba8fc elementor-widget elementor-widget-monst-title-v1\" data-id=\"43ba8fc\" data-element_type=\"widget\" data-widget_type=\"monst-title-v1.default\">\n\t\t\t\t<div class=\"elementor-widget-container\">\n\t\t\t\t\t \r\n <div class=\"section_title type_one\">\r\n <div class=\"title_whole\">\r\n \r\n <div class=\"title\"> Stratejik <span>Dan\u0131\u015fmanl\u0131k<\/span> &amp; <br \/> <span>Yaz\u0131l\u0131m<\/span> Geli\u015ftirme <\/div>\r\n \r\n\r\n <\/div>\r\n <p> 15 y\u0131l\u0131 a\u015fk\u0131n sekt\u00f6r tecr\u00fcbemiz ile;<br>\u0130htiya\u00e7lar\u0131n\u0131z\u0131 do\u011fru analiz edip, yenilik\u00e7i ve h\u0131zl\u0131 \u00e7\u00f6z\u00fcmler sunuyoruz.<\/p>\r\n <\/div> \r\n\r\n\r\n \t\t\t\t<\/div>\n\t\t\t\t<\/div>\n\t\t\t\t\t<\/div>\n\t\t<\/div>\n\t\t\t\t\t<\/div>\n\t\t<\/section>\n\t\t<div class=\"elementor-element elementor-element-53825fc e-flex e-con-boxed e-con e-parent\" data-id=\"53825fc\" data-element_type=\"container\">\n\t\t\t\t\t<div class=\"e-con-inner\">\n\t\t\t\t<div class=\"elementor-element elementor-element-c96ec6b elementor-widget elementor-widget-heading\" data-id=\"c96ec6b\" data-element_type=\"widget\" data-widget_type=\"heading.default\">\n\t\t\t\t<div class=\"elementor-widget-container\">\n\t\t\t\t\t<h5 class=\"elementor-heading-title elementor-size-default\"><a href=\"https:\/\/yesilyazilim.com.tr\/index.php\/projeler\/\">Projelerimiz<\/a><\/h5>\t\t\t\t<\/div>\n\t\t\t\t<\/div>\n\t\t\t\t<div class=\"elementor-element elementor-element-9099c17 elementor-widget elementor-widget-monst-portfolio-post-v1\" data-id=\"9099c17\" data-element_type=\"widget\" data-widget_type=\"monst-portfolio-post-v1.default\">\n\t\t\t\t<div class=\"elementor-widget-container\">\n\t\t\t\t\t<section class=\"portfolio_post position-relative\">\r\n <div\r\n class=\"row loop-grid\">\r\n \r\n <article class=\"col-xl-4 col-lg-4 col-md-6 col-sm-6 post-2745 portfolio type-portfolio status-publish has-post-thumbnail hentry\">\r\n <div class=\"card_post_portfolio one clearfix has_images\"\r\n id=\"post-2745\">\r\n <a href=\"https:\/\/yesilyazilim.com.tr\/index.php\/portfolio\/endata\/\">\r\n <figure class=\"image\">\r\n <img loading=\"lazy\" decoding=\"async\" width=\"1455\" height=\"723\" src=\"https:\/\/yesilyazilim.com.tr\/wp-content\/uploads\/2024\/08\/prj_endata1.png\" class=\"attachment-post-thumbnail size-post-thumbnail wp-post-image\" alt=\"\" srcset=\"https:\/\/yesilyazilim.com.tr\/wp-content\/uploads\/2024\/08\/prj_endata1.png 1455w, https:\/\/yesilyazilim.com.tr\/wp-content\/uploads\/2024\/08\/prj_endata1-300x149.png 300w, https:\/\/yesilyazilim.com.tr\/wp-content\/uploads\/2024\/08\/prj_endata1-1024x509.png 1024w, https:\/\/yesilyazilim.com.tr\/wp-content\/uploads\/2024\/08\/prj_endata1-768x382.png 768w\" sizes=\"(max-width: 1455px) 100vw, 1455px\" \/> <\/figure>\r\n <\/a>\r\n <div class=\"content_box\">\r\n <div class=\"content_box_in\">\r\n <h2 class=\"title\"><a href=\"https:\/\/yesilyazilim.com.tr\/index.php\/portfolio\/endata\/\" rel=\"bookmark\">EnData<\/a><\/h2> <p>Mobil cihazlara dosya aktar\u0131m\u0131 sa\u011flayan sistem<\/p>\r\n <div class=\"ca_t\"><\/div>\r\n <\/div> <\/div>\r\n <\/div>\r\n <\/article>\r\n \r\n \r\n <article class=\"col-xl-4 col-lg-4 col-md-6 col-sm-6 post-2697 portfolio type-portfolio status-publish has-post-thumbnail hentry\">\r\n <div class=\"card_post_portfolio one clearfix has_images\"\r\n id=\"post-2697\">\r\n <a href=\"https:\/\/yesilyazilim.com.tr\/index.php\/portfolio\/bakim-portali\/\">\r\n <figure class=\"image\">\r\n <img loading=\"lazy\" decoding=\"async\" width=\"1457\" height=\"724\" src=\"https:\/\/yesilyazilim.com.tr\/wp-content\/uploads\/2024\/08\/prj_bakimportali1.png\" class=\"attachment-post-thumbnail size-post-thumbnail wp-post-image\" alt=\"\" srcset=\"https:\/\/yesilyazilim.com.tr\/wp-content\/uploads\/2024\/08\/prj_bakimportali1.png 1457w, https:\/\/yesilyazilim.com.tr\/wp-content\/uploads\/2024\/08\/prj_bakimportali1-300x149.png 300w, https:\/\/yesilyazilim.com.tr\/wp-content\/uploads\/2024\/08\/prj_bakimportali1-1024x509.png 1024w, https:\/\/yesilyazilim.com.tr\/wp-content\/uploads\/2024\/08\/prj_bakimportali1-768x382.png 768w\" sizes=\"(max-width: 1457px) 100vw, 1457px\" \/> <\/figure>\r\n <\/a>\r\n <div class=\"content_box\">\r\n <div class=\"content_box_in\">\r\n <h2 class=\"title\"><a href=\"https:\/\/yesilyazilim.com.tr\/index.php\/portfolio\/bakim-portali\/\" rel=\"bookmark\">Bak\u0131m Portal\u0131<\/a><\/h2> <p>Elektrik Da\u011f\u0131t\u0131m \u015eebekesi Bak\u0131m Y\u00f6netimi CBS&hellip;<\/p>\r\n <div class=\"ca_t\"><\/div>\r\n <\/div> <\/div>\r\n <\/div>\r\n <\/article>\r\n \r\n \r\n <article class=\"col-xl-4 col-lg-4 col-md-6 col-sm-6 post-1424 portfolio type-portfolio status-publish has-post-thumbnail hentry\">\r\n <div class=\"card_post_portfolio one clearfix has_images\"\r\n id=\"post-1424\">\r\n <a href=\"https:\/\/yesilyazilim.com.tr\/index.php\/portfolio\/prj_energis\/\">\r\n <figure class=\"image\">\r\n <img loading=\"lazy\" decoding=\"async\" width=\"1481\" height=\"724\" src=\"https:\/\/yesilyazilim.com.tr\/wp-content\/uploads\/2024\/08\/prj_energis11.png\" class=\"attachment-post-thumbnail size-post-thumbnail wp-post-image\" alt=\"\" srcset=\"https:\/\/yesilyazilim.com.tr\/wp-content\/uploads\/2024\/08\/prj_energis11.png 1481w, https:\/\/yesilyazilim.com.tr\/wp-content\/uploads\/2024\/08\/prj_energis11-300x147.png 300w, https:\/\/yesilyazilim.com.tr\/wp-content\/uploads\/2024\/08\/prj_energis11-1024x501.png 1024w, https:\/\/yesilyazilim.com.tr\/wp-content\/uploads\/2024\/08\/prj_energis11-768x375.png 768w\" sizes=\"(max-width: 1481px) 100vw, 1481px\" \/> <\/figure>\r\n <\/a>\r\n <div class=\"content_box\">\r\n <div class=\"content_box_in\">\r\n <h2 class=\"title\"><a href=\"https:\/\/yesilyazilim.com.tr\/index.php\/portfolio\/prj_energis\/\" rel=\"bookmark\">Energis<\/a><\/h2> <p>Elektrik Da\u011f\u0131t\u0131m \u015eebekesi Y\u00f6netimi CBS Web&hellip;<\/p>\r\n <div class=\"ca_t\"><\/div>\r\n <\/div> <\/div>\r\n <\/div>\r\n <\/article>\r\n \r\n <\/div>\r\n \r\n <\/section>\r\n\r\n\t\t\t\t<\/div>\n\t\t\t\t<\/div>\n\t\t\t\t\t<\/div>\n\t\t\t\t<\/div>\n\t\t<div class=\"elementor-element elementor-element-e4a242c e-flex e-con-boxed e-con e-parent\" data-id=\"e4a242c\" data-element_type=\"container\">\n\t\t\t\t\t<div class=\"e-con-inner\">\n\t\t\t\t<div class=\"elementor-element elementor-element-3fa34bc elementor-widget elementor-widget-heading\" data-id=\"3fa34bc\" data-element_type=\"widget\" data-widget_type=\"heading.default\">\n\t\t\t\t<div class=\"elementor-widget-container\">\n\t\t\t\t\t<h4 class=\"elementor-heading-title elementor-size-default\">Referanslar\u0131m\u0131z<\/h4>\t\t\t\t<\/div>\n\t\t\t\t<\/div>\n\t\t\t\t\t<\/div>\n\t\t\t\t<\/div>\n\t\t<div class=\"elementor-element elementor-element-1ad3623 e-flex e-con-boxed e-con e-parent\" data-id=\"1ad3623\" data-element_type=\"container\">\n\t\t\t\t\t<div class=\"e-con-inner\">\n\t\t<div class=\"elementor-element elementor-element-2a4fd2a e-con-full e-flex e-con e-child\" data-id=\"2a4fd2a\" data-element_type=\"container\">\n\t\t\t\t<div class=\"elementor-element elementor-element-60909e1 elementor-widget elementor-widget-image\" data-id=\"60909e1\" data-element_type=\"widget\" data-widget_type=\"image.default\">\n\t\t\t\t<div class=\"elementor-widget-container\">\n\t\t\t\t\t\t\t\t\t\t\t\t\t\t\t\t<a href=\"https:\/\/www.enerjisa.com.tr\/\">\n\t\t\t\t\t\t\t<img loading=\"lazy\" decoding=\"async\" width=\"1280\" height=\"253\" src=\"https:\/\/yesilyazilim.com.tr\/wp-content\/uploads\/2023\/12\/enerjisa.png\" class=\"attachment-full size-full wp-image-2292\" alt=\"\" srcset=\"https:\/\/yesilyazilim.com.tr\/wp-content\/uploads\/2023\/12\/enerjisa.png 1280w, https:\/\/yesilyazilim.com.tr\/wp-content\/uploads\/2023\/12\/enerjisa-300x59.png 300w, https:\/\/yesilyazilim.com.tr\/wp-content\/uploads\/2023\/12\/enerjisa-1024x202.png 1024w, https:\/\/yesilyazilim.com.tr\/wp-content\/uploads\/2023\/12\/enerjisa-768x152.png 768w\" sizes=\"(max-width: 1280px) 100vw, 1280px\" \/>\t\t\t\t\t\t\t\t<\/a>\n\t\t\t\t\t\t\t\t\t\t\t\t\t\t\t<\/div>\n\t\t\t\t<\/div>\n\t\t\t\t<\/div>\n\t\t<div class=\"elementor-element elementor-element-cfcec9c e-con-full e-flex e-con e-child\" data-id=\"cfcec9c\" data-element_type=\"container\">\n\t\t\t\t<div class=\"elementor-element elementor-element-5a4e90f elementor-widget elementor-widget-image\" data-id=\"5a4e90f\" data-element_type=\"widget\" data-widget_type=\"image.default\">\n\t\t\t\t<div class=\"elementor-widget-container\">\n\t\t\t\t\t\t\t\t\t\t\t\t\t\t\t\t<a href=\"https:\/\/www.ankara.bel.tr\/\">\n\t\t\t\t\t\t\t<img loading=\"lazy\" decoding=\"async\" width=\"300\" height=\"171\" src=\"https:\/\/yesilyazilim.com.tr\/wp-content\/uploads\/2023\/12\/abb-logo.png\" class=\"attachment-full size-full wp-image-2294\" alt=\"\" \/>\t\t\t\t\t\t\t\t<\/a>\n\t\t\t\t\t\t\t\t\t\t\t\t\t\t\t<\/div>\n\t\t\t\t<\/div>\n\t\t\t\t<\/div>\n\t\t<div class=\"elementor-element elementor-element-c211769 e-con-full e-flex e-con e-child\" data-id=\"c211769\" data-element_type=\"container\">\n\t\t\t\t<div class=\"elementor-element elementor-element-cb9d01e elementor-widget elementor-widget-image\" data-id=\"cb9d01e\" data-element_type=\"widget\" data-widget_type=\"image.default\">\n\t\t\t\t<div class=\"elementor-widget-container\">\n\t\t\t\t\t\t\t\t\t\t\t\t\t\t\t\t<a href=\"https:\/\/www.dsi.gov.tr\/\">\n\t\t\t\t\t\t\t<img loading=\"lazy\" decoding=\"async\" width=\"1200\" height=\"902\" src=\"https:\/\/yesilyazilim.com.tr\/wp-content\/uploads\/2023\/12\/dsi_logo.png\" class=\"attachment-full size-full wp-image-2296\" alt=\"\" srcset=\"https:\/\/yesilyazilim.com.tr\/wp-content\/uploads\/2023\/12\/dsi_logo.png 1200w, https:\/\/yesilyazilim.com.tr\/wp-content\/uploads\/2023\/12\/dsi_logo-300x226.png 300w, https:\/\/yesilyazilim.com.tr\/wp-content\/uploads\/2023\/12\/dsi_logo-1024x770.png 1024w, https:\/\/yesilyazilim.com.tr\/wp-content\/uploads\/2023\/12\/dsi_logo-768x577.png 768w\" sizes=\"(max-width: 1200px) 100vw, 1200px\" \/>\t\t\t\t\t\t\t\t<\/a>\n\t\t\t\t\t\t\t\t\t\t\t\t\t\t\t<\/div>\n\t\t\t\t<\/div>\n\t\t\t\t<\/div>\n\t\t<div class=\"elementor-element elementor-element-3adf466 e-con-full e-flex e-con e-child\" data-id=\"3adf466\" data-element_type=\"container\">\n\t\t\t\t<div class=\"elementor-element elementor-element-43fc116 elementor-widget elementor-widget-image\" data-id=\"43fc116\" data-element_type=\"widget\" data-widget_type=\"image.default\">\n\t\t\t\t<div class=\"elementor-widget-container\">\n\t\t\t\t\t\t\t\t\t\t\t\t\t\t\t\t<a href=\"https:\/\/www.tkgm.gov.tr\/\">\n\t\t\t\t\t\t\t<img loading=\"lazy\" decoding=\"async\" width=\"301\" height=\"290\" src=\"https:\/\/yesilyazilim.com.tr\/wp-content\/uploads\/2023\/12\/tkgm_Logopng.png\" class=\"attachment-full size-full wp-image-2297\" alt=\"\" \/>\t\t\t\t\t\t\t\t<\/a>\n\t\t\t\t\t\t\t\t\t\t\t\t\t\t\t<\/div>\n\t\t\t\t<\/div>\n\t\t\t\t<\/div>\n\t\t<div class=\"elementor-element elementor-element-746aadc e-con-full e-flex e-con e-child\" data-id=\"746aadc\" data-element_type=\"container\">\n\t\t\t\t<div class=\"elementor-element elementor-element-ff1393a elementor-widget elementor-widget-image\" data-id=\"ff1393a\" data-element_type=\"widget\" data-widget_type=\"image.default\">\n\t\t\t\t<div class=\"elementor-widget-container\">\n\t\t\t\t\t\t\t\t\t\t\t\t\t\t\t\t<a href=\"https:\/\/www.tarimorman.gov.tr\/SYGM\">\n\t\t\t\t\t\t\t<img loading=\"lazy\" decoding=\"async\" width=\"900\" height=\"900\" src=\"https:\/\/yesilyazilim.com.tr\/wp-content\/uploads\/2023\/12\/sygm_logo.png\" class=\"attachment-full size-full wp-image-2295\" alt=\"\" srcset=\"https:\/\/yesilyazilim.com.tr\/wp-content\/uploads\/2023\/12\/sygm_logo.png 900w, https:\/\/yesilyazilim.com.tr\/wp-content\/uploads\/2023\/12\/sygm_logo-300x300.png 300w, https:\/\/yesilyazilim.com.tr\/wp-content\/uploads\/2023\/12\/sygm_logo-150x150.png 150w, https:\/\/yesilyazilim.com.tr\/wp-content\/uploads\/2023\/12\/sygm_logo-768x768.png 768w\" sizes=\"(max-width: 900px) 100vw, 900px\" \/>\t\t\t\t\t\t\t\t<\/a>\n\t\t\t\t\t\t\t\t\t\t\t\t\t\t\t<\/div>\n\t\t\t\t<\/div>\n\t\t\t\t<\/div>\n\t\t\t\t\t<\/div>\n\t\t\t\t<\/div>\n\t\t\t\t<\/div>\n\t\t","protected":false},"excerpt":{"rendered":"<p>\u0130nsana Ba\u011fl\u0131 Teknoloji Odakl\u0131 Kurumsal Yaz\u0131l\u0131m \u00c7\u00f6z\u00fcmleri Hizmetlerimiz Kurumsal Co\u011frafi Bilgi Sistemleri Kurumsal \u00f6l\u00e7ekte Co\u011frafi Bilgi Sistemi kurulum, geli\u015ftirme ve bak\u0131m hizmeti veriyoruz. Mobil Uygulama Geli\u015ftirme Sahada verimlili\u011fi hedefleyen Online ve Offline mobil uygulamalar\u0131 geli\u015ftiriyoruz. Veri Analizi &#038; \u0130yile\u015ftirme \u0130li\u015fkisel verilerinizde mevcut hatalar\u0131n tespiti ve iyile\u015ftirilmesi i\u00e7in destek oluyoruz. Veri Senkronizasyon Yaz\u0131l\u0131mlar\u0131 Farkl\u0131 kaynak ve [&hellip;]<\/p>\n","protected":false},"author":1,"featured_media":0,"parent":0,"menu_order":0,"comment_status":"closed","ping_status":"closed","template":"template-homepage.php","meta":{"footnotes":""},"class_list":["post-25","page","type-page","status-publish","hentry"],"_links":{"self":[{"href":"https:\/\/yesilyazilim.com.tr\/index.php\/wp-json\/wp\/v2\/pages\/25","targetHints":{"allow":["GET"]}}],"collection":[{"href":"https:\/\/yesilyazilim.com.tr\/index.php\/wp-json\/wp\/v2\/pages"}],"about":[{"href":"https:\/\/yesilyazilim.com.tr\/index.php\/wp-json\/wp\/v2\/types\/page"}],"author":[{"embeddable":true,"href":"https:\/\/yesilyazilim.com.tr\/index.php\/wp-json\/wp\/v2\/users\/1"}],"replies":[{"embeddable":true,"href":"https:\/\/yesilyazilim.com.tr\/index.php\/wp-json\/wp\/v2\/comments?post=25"}],"version-history":[{"count":203,"href":"https:\/\/yesilyazilim.com.tr\/index.php\/wp-json\/wp\/v2\/pages\/25\/revisions"}],"predecessor-version":[{"id":2896,"href":"https:\/\/yesilyazilim.com.tr\/index.php\/wp-json\/wp\/v2\/pages\/25\/revisions\/2896"}],"wp:attachment":[{"href":"https:\/\/yesilyazilim.com.tr\/index.php\/wp-json\/wp\/v2\/media?parent=25"}],"curies":[{"name":"wp","href":"https:\/\/api.w.org\/{rel}","templated":true}]}}